e?
False
Let t(w) = 6*w**2 - 2*w + 5. Suppose -5 = 5*a - 45. Let p be t(a). Suppose -p = -2*o + 3*q, -4*q + 2*q + 579 = 3*o. Is o a composite number?
False
Is (96/(-9))/(2/(-36)) + 2 composite?
True
Suppose 2*a + 4*r = 28, 4*a + 22 = r + 123. Suppose 3*n + 4*k - 26 = 0, 4*n + 0*n - 2*k = -2. Is (-273)/n*a/(-36) composite?
True
Suppose -q + 0*p = -4*p - 7191, -4*q + 28726 = 3*p. Is q composite?
True
Let l(p) = 14*p + 1. Suppose -2*s + k = 7, -4*s - 13 = s + 2*k. Let h be l(s). Let q = 160 + h. Is q prime?
False
Suppose 3*r - 3*t + 1 = -t, -r + 4*t - 17 = 0. Is 956 - r - (1 - 1) a composite number?
False
Let v be (-23 - -11)/((-2)/259). Suppose -v + 155 = -j. Is j a prime number?
True
Let h be 22*2/4 + 4 + -2. Suppose -h*z + 4*z = -1062. Is z a prime number?
False
Suppose 0 = -5*x + 4*l + 22, -l = l + 6. Suppose 4*g = -4*q + 2472, 6*q + 2*g - 2470 = x*q. Let z = q - 244. Is z a composite number?
False
Let h be (-2966)/3*24/(-16). Suppose 5*b - 1878 = -u - 392, u = -2*b + h. Is u a composite number?
False
Suppose 54 = -5*d - 56. Let j = d - -16. Let y(v) = -v**3 + 7*v**2 + 9*v + 5. Is y(j) a prime number?
True
Let g(n) be the third derivative of -199*n**4/24 - 5*n**3/6 - 11*n**2. Is g(-4) a composite number?
True
Let h(r) = 323*r - 14. Let s be h(5). Suppose 0 = o - 0*o - s. Is o prime?
True
Let k = 22 - 21. Is ((-6)/(-3) + 65)/k a composite number?
False
Suppose 5716 = g - 3*z, -121*g + 116*g - 3*z + 28490 = 0. Is g a composite number?
False
Let t be (-2)/(-7) + 2328/84. Let p = -15 - -14. Is ((-15)/20)/(p/t) prime?
False
Suppose -5*o + 2 = -3*o, 0 = 2*a + 4*o + 6. Let n = -46 - a. Let y = -6 - n. Is y a composite number?
True
Let o(p) = -p**3 + 2*p**2 + 4*p - 3. Let y be o(2). Suppose -1038 = -y*t + 1892. Suppose -3*z - t = -5*z. Is z prime?
True
Suppose 0 = -16*a + 118328 + 29496. Is a prime?
True
Let r(l) = l - 7 + 8 + l - 423*l**3. Let w be r(-1). Suppose 0 = 3*q - w - 223. Is q prime?
False
Is (94918/3)/((-369)/(-27) + -13) a prime number?
True
Let d(n) = 23*n**3 + n**2 + 3*n - 3. Is d(2) a composite number?
False
Let p(o) = 558*o**2 - 51*o - 26. Is p(-7) prime?
True
Suppose -10*i + 1182 = -8*i. Suppose -5*j - 3*p = -983 - 522, 2*j - p = i. Is j prime?
False
Let x(c) = 1193*c**2 + c - 5. Is x(-3) prime?
True
Let t(j) = j + 10. Let d = 11 + -18. Let o be t(d). Suppose -3*y + 0*y - 3*a = -105, 0 = -3*y + o*a + 105. Is y a composite number?
True
Let o(x) = 699*x**3 + 2*x**2 - 5*x + 1. Is o(2) a composite number?
False
Suppose -481 = -8*y + 7*y. Let w = y - -172. Suppose 4*h - w = -k, -647 = -0*h - 4*h + 5*k. Is h composite?
False
Suppose 0 = -u - 5*b + 66, u - 3*b + b = 52. Suppose l - 37 = -2*x, -4*l = -2*x - u - 42. Suppose 4*m + 6 = 2*r, 3*m = 3*r - 6*r + l. Is r prime?
True
Let v(h) = -6*h**3 + 8*h. Let t be v(4). Let j = t + 1503. Is j prime?
True
Let p be (-1340)/16 + 2/(-8). Is (-4)/(-8)*2 - p a composite number?
True
Let x = 1825 - -2596. Is x a prime number?
True
Let z(j) = 5*j**2 + 45*j - 54. Let r(a) = 2*a**2 + 15*a - 18. Let c(m) = 11*r(m) - 4*z(m). Let s be c(10). Let h = 89 + s. Is h a composite number?
False
Let b(n) = 4*n - 5. Let j be b(5). Suppose -c - 4*c = -j. Let x(a) = 20*a**2 - 1. Is x(c) a prime number?
True
Is -177 + 494 - (11 + -1) composite?
False
Let a(d) = -147*d**3 - 3*d**2 + 25*d + 124. Is a(-5) composite?
True
Let m(w) = -106*w**3 + 4*w**2 + 9*w - 12. Is m(-7) a prime number?
True
Suppose -2*u = -4*w - 14206, -u + 4*w - 4585 = -11688. Is u composite?
False
Suppose -21*l = -19*l + 6, -53191 = -5*u + 2*l. Is u prime?
False
Let f(v) = 272*v - 393. Is f(7) a composite number?
False
Let b(a) = 50*a**2 - 25*a + 118. Is b(9) composite?
False
Let t = 2608 + 3745. Is t a composite number?
False
Suppose -n = -2, -2*n - 11 = -2*a + 5. Suppose -7*q + a*q = 471. Is q composite?
False
Suppose -2*s = -3*f - 16873, 8*f - 15 = 3*f. Is s a composite number?
True
Suppose -5*z = -3*h + 61, 4*z - 5*h = -0*z - 41. Is 34*-1*35/z prime?
False
Is ((-2)/(-3))/((-22)/(-9603)) a composite number?
True
Let y = -41 - -181. Suppose -60 = 4*j - y. Suppose -d + j = -114. Is d a composite number?
True
Let w = -3172 - -2027. Let a = w + 3072. Is a prime?
False
Let g(h) = 3*h**2 + 10*h + 38309. Is g(0) a prime number?
False
Let h be (-4 + 5)*(-2 + 830). Suppose 0*d + 4488 = -8*d. Let g = d + h. Is g a composite number?
True
Let y = -104 + 102. Is y/(-12) + 75700/120 prime?
True
Let y(b) be the first derivative of 3*b**2 + 7*b - 11. Is y(5) prime?
True
Let g(h) = 73*h**2 - 5*h - 31. Is g(-14) a prime number?
True
Let r(f) = 321*f + 30. Let u(o) = o. Let l(p) = r(p) - 4*u(p). Is l(13) prime?
False
Let t be -5 + (-4 - (-75 - 1)). Let x = t + -2. Is x prime?
False
Let y = 1627 - -90. Is y a prime number?
False
Let q(l) = l**2 - 48*l - 24. Let r be q(29). Suppose 3*c + 515 = -331. Let k = c - r. Is k prime?
True
Let j(i) = 16426*i**3 + 2*i**2 - 5*i + 4. Is j(1) a composite number?
False
Suppose 14006 = -4*b + 84498. Is b prime?
True
Let u(n) = n**3 + 8*n**2 + 2*n. Suppose 0 = 2*r + 5*g - 3 - 0, 0 = -5*g - 25. Suppose -16*p - 6 = -r*p. Is u(p) a composite number?
True
Suppose -1080 = -4*t + 41212. Is t a prime number?
False
Let x be (1 - 856/3)/(14/(-42)). Suppose -x = -p + 1668. Is p a prime number?
True
Suppose 0 = -3*o - 3*x + 24783, 8*o = 5*o - x + 24787. Is o prime?
True
Suppose x + 11152 = 5*z, 5*z - 4*z - 2222 = -4*x. Is (2 + z/6)/((-7)/(-21)) a composite number?
True
Suppose a = -z + 9169, -45853 = -4*z - z - 3*a. Is z a composite number?
False
Suppose 3*j - 130 + 124 = 0. Suppose j*m + m = 3*z + 4059, m + 3*z - 1345 = 0. Is m composite?
True
Let c = 5523 - 2775. Suppose -c = -2*z - 2*z. Is z a composite number?
True
Let l be 12/(-3) - (-1637)/(-1). Let i = l - -2542. Is i composite?
True
Let n be (-6 - -2)/(-4) - 1. Suppose n = -b + 6 - 1. Suppose -2*y = -3*w - 124 - 139, 2*y - 239 = -b*w. Is y composite?
False
Let l(v) = -18 + v + 6 + 14*v**3 - 3*v**2 - 4 - 15*v**3. Is l(-11) a prime number?
True
Let j be (52/6)/((-22)/33). Let n = -9 - j. Suppose 6 = -5*f + 1, -97 = -n*v - 3*f. Is v a prime number?
False
Suppose 8 = -13*o + 11*o. Let l(d) = 371*d**3 + d**2 - 2*d + 2. Let t be l(1). Is (-3)/(3*o/t) prime?
False
Let u = -43855 - -75532. Is u a composite number?
True
Suppose 2*w - 6 = 4. Suppose -386 - 1304 = -w*u. Is (u - (1 - 2)) + -2 prime?
True
Let g(l) = 3379*l**3 + l**2 - 4*l + 3. Is g(1) a composite number?
True
Let l be (-8)/24 + (-3265)/(-3). Suppose 3*q - l = q. Let p = q - 295. Is p prime?
False
Let g be (-4)/(-8)*(0 + -2). Let n be -2*(g - 0/(-3)). Is (2370/(-18))/(n/(-6)) composite?
True
Let n(c) = -5*c + 11*c**2 + 2 + 12*c + 9*c**2 - 2*c**2. Is n(5) prime?
True
Suppose -4*v - 2*u = -19078, -3*u = 5*v - 6*u - 23842. Is v a composite number?
True
Suppose -8*i + 4*i = 3*f - 47, 2*i - 20 = 2*f. Let x(l) = 13*l + 13 - 2*l + 7. Is x(i) a prime number?
False
Let n = 397 - 796. Let i be n/(-105) + 1/5. Is (-1 + i)*(-1902)/(-18) a composite number?
False
Suppose 2*m = -12 - 4. Let l = m + 10. Suppose -3*j + 299 = -0*j - l*z, 20 = -5*z. Is j prime?
True
Suppose 4*z + 4*a = 11966 - 2974, 3*a = z - 2228. Is z composite?
False
Let d(m) = 5*m**2 - 42*m - 82. Is d(49) composite?
True
Suppose 2*d = 6*d - 156. Let q = 28 + d. Is q a prime number?
True
Let n(k) be the second derivative of -k**5/10 + k**4/2 + k**3/2 - 3*k**2 + 9*k. Is n(-5) a prime number?
True
Suppose 27*o = 28*o + 2. Is 1221*o*(-2)/12 a composite number?
True
Suppose 5*o = -15, -4*o - 39 = -3*y - 0*o. Suppose y*v - 100 = 5*v. Is v composite?
True
Let m(c) = 11 - 4*c - 16 - 17 + 55*c. Is m(15) a prime number?
True
Let t(b) be the first derivative of b**3 - 9*b**2 - 5*b + 1. Let d = 1186 + -1172. Is t(d) composite?
False
Suppose -w = 5*o - 3*w - 50, -5*w + 85 = 5*o. Is (4268/(-6))/(o/(-18)) composite?
True
Suppose 6932 = f + 5*m, -4*f - 2*m + 27791 = -3*m. Is f a composite number?
False
Suppose -28 + 20 = -4*x. Suppose 0 = -p - o + 24, -x*p + 4*o + 23 = o. Is p prime?
True
Let o(i) = 10*i**3 - 8*i**2 + 4*i + 7. Suppose 0 = 4*y + 2*n - 12, 0*y = 4*y + 4*n - 4. Is o(y) a prime number?
False
Let z = 12 + 1. Let r(s) be the first derivative of 2*s**2 - 18*s + 4. Is r(z) prime?
False
Suppose 282 - 1182 = -5*k. Let n = 303 - k. Is -8 - -12 - (-2 - n) a composite number?
True
Let p(r) 